{"id":28960,"date":"2017-12-29T15:08:35","date_gmt":"2017-12-29T12:08:35","guid":{"rendered":"https:\/\/economics.gsu.by\/?page_id=28960"},"modified":"2019-03-15T19:04:13","modified_gmt":"2019-03-15T16:04:13","slug":"ykdysadyyet-fakultet","status":"publish","type":"page","link":"https:\/\/economics.gsu.by\/?page_id=28960","title":{"rendered":"Ykdysady\u00fdet fakultet"},"content":{"rendered":"<p><strong>Habarla\u015fmak \u00fc\u00e7in<\/strong><\/p>\n<p><strong>Adres:<\/strong>246019, Belarusi\u00fda Respublikasy, Gomel \u015f\u00e4heri, Sowedska\u00fda k\u00f6\u00e7esi 104, otag 3-24<\/p>\n<p>Telefon:+375-232-51-01-23<\/p>\n<p>E-mail:econfac@gsu.by<\/p>\n<p>Fakulteti\u0148 sa\u00fdty: http\/\/economic.gsu.by\/<\/p>\n<p>Dekan<\/p>\n<p><strong>Kostenko<\/strong><\/p>\n<p><strong> Andre\u00fd Konstantinowi\u00e7<\/strong><\/p>\n<p>Ykdysady\u00fdet ylymlaryny\u0148 kandidaty, dosent.<\/p>\n<p><strong>Kafedralar<\/strong><\/p>\n<p>Kafedra mali\u00fde we kredit<\/p>\n<p>Kafedra ykdysady\u00fdet teori\u00fdasy we d\u00fcn\u00fd\u00e4 ykdysady\u00fdeti<\/p>\n<p>Kaferda buhgalteri\u00fda hasabaty,barlag we analiz hojalyk\u00e7ylyk i\u015fi.<\/p>\n<p>Kafedra ykdysady\u00fdet we dolandyry\u015f<\/p>\n<p><strong>Taryhy g\u00fcw\u00e4nama<\/strong><\/p>\n<p>Fakulteti\u0148 taryhy 1969-njy \u00fdylda ba\u015flan\u00fdar, ha\u00e7anda mehaniki-matematiki fakultetini\u0148 \u00e7\u00e4ginde \u201cZ\u00e4hmeti\u0148 ykdysady\u00fdeti\u201d ugruna \u00fcns berlende.<\/p>\n<p><a href=\"http:\/\/old.gsu.by\/depts\/img\/ecn1\/jpg\">http:\/\/old.gsu.by\/depts\/img\/ecn1\/jpg<\/a><\/p>\n<p>Kabul edi\u015f ba\u015flandan b\u00e4ri 1969-njy \u00fdylda dinamiki \u00f6s\u00fc\u015fe e\u00fde boldy hem-de g\u00fcndizki oka\u00fdan talyplary\u0148 sany 870 we ga\u00fdybana oka\u00fdanlary\u0148ky bolsa 800 \u00fdetdi. Bu \u00f6s\u00fc\u015fe e\u00fde bolmagyny\u0148 seb\u00e4bi, Belarus Respublikasyny\u0148 i\u00e7inde \u00fdeket\u00e4k fakultetdi, h\u00fcn\u00e4rmenleri z\u00e4hmet ykdysady\u00fdetine, in\u017eener-ykdysady\u00fdet\u00e7ilere ta\u00fd\u00fdarla\u00fdan hem-de mugallymlary\u0148 we i\u015fg\u00e4rleri\u0148, talyplary\u0148 hemme ugur bo\u00fdun\u00e7a jemgi\u00fdet\u00e7ilik we sport i\u015fleridir.<\/p>\n<p>Fakulteti\u0148 i\u015fini guramakda esasy roly o\u00fdnan, ykdysady\u00fdet ylymlaryny\u0148 kandidaty Igor Pawlowi\u00e7 Transewski\u00fd, fakulteta 18 \u00fdyldan gowrak ba\u015ftutanlyk eden adam.<\/p>\n<p>\u00dda\u0148y-\u00fda\u0148y fakulteti\u0148 a\u00fda galyp ba\u015flan wagty kafedralary\u0148 we fakultet maslahatyny\u0148 \u00fdoklygynda hem-de okuw-espablaryny\u0148 bazasyny\u0148 \u00fdoklugynda-da ilkinji dekan mugallymlar kollektiwini we talyplary birikderipm\u00e4ni ba\u015fardy hem-de ylmy we terbi\u00fde\u00e7ilik i\u015flerini esaslandyrdy.<\/p>\n<p>1983-nji \u00fdylda fakulteti\u0148 dekanlygyna professor Wladimir Denisowi\u00e7 Ara\u015fenko sa\u00fdlanyndy.<\/p>\n<p>1991-nji \u00fdylda fakulteti \u00fdolba\u015f\u00e7ylyk etdi dosent Tamara Wasil\u00fdewna Karpe\u00fd.Onu\u0148 \u00fdolba\u015f\u00e7ylygynda fakultet bazar ykdysady\u00fdeti g\u00f6r\u00e4 u\u00fdgunla\u015fdy hem-de t\u00e4ze \u00fd\u00f6ritele\u015fdirilen h\u00fcn\u00e4rler d\u00f6redildi. T.W.Karpe\u00fd uniwersiteti\u0148 halkara i\u015flerini\u0148 \u00f6smegine uly go\u015fant go\u015fdy hem-de Franko-belarus dolandyry\u015f institutyny\u0148 d\u00f6redilmegine gatna\u015fdy, ondan da\u015fary \u201cBilele\u015fen bilim merkezini\u0148 d\u00f6remegi \u2013 Uniwersitet integrasi\u00fdasy-pro\u00fdektini\u0148 durmu\u015fa ge\u00e7iri\u015fine gatna\u015fdy.http:\/\/old.gsu.by\/depts\/img\/ecn2.jpg<\/p>\n<p>2004-nji \u00fdylda dosent Wladislaw Aleksandrowi\u00e7 \u015eepow fakulteti\u0148 dekany bol\u00fdar. So\u0148ra 2012-nji \u00fdylda W.a.\u015eepow Halkara Belarus Respublikasyny\u0148 \u00fdygnagy palatasyna sa\u00fdlanandygy seb\u00e4pli wezipeden gid\u00fd\u00e4r.<\/p>\n<p>2012-nji \u00fdyldan b\u00e4ri h\u00e4zire \u00e7enli dosent Andre\u00fd Konstantinowi\u00e7 Kostenko ba\u015ftutanlyk ed\u00fd\u00e4r.<\/p>\n<p>Fakulteti\u0148 d\u00f6redilen wagtyndan b\u00e4ri b\u00e4rden 8,5 m\u00fc\u0148den gowrak \u00fdokary derejeli ykdysady\u00fdet profelli h\u00fcn\u00e4rmenleri \u00fcst\u00fcnlikli h\u00e4zirki wagtda bolsa olar Belarus Respublikasynda ykdysady\u00fdeti\u0148 \u00f6smegine \u00f6r\u00e4n uly rola e\u00fdedir.<\/p>\n<p><strong>Fakultet h\u00e4zirki wagytda.<\/strong><\/p>\n<p>Skorina adyndaky GGU-ny\u0148 ykdysady\u00fdet fakulteti. Belarus Respublikasynda gadymy fakultetleri\u0148 biri bolup, ol \u00fdokary derejeli ykdysady\u00fdet profilli h\u00fcn\u00e4rmenleri ta\u00fd\u00fdarla\u00fdan fakultetlary\u0148 biridir.<\/p>\n<p>Ta\u00fd\u00fdarla\u00fdy\u015f 6 h\u00fcn\u00e4r bo\u00fdun\u00e7a bir basgan\u00e7akda ge\u00e7iril\u00fd\u00e4r.<\/p>\n<p><a href=\"http:\/\/old.gsu.by\/depts\/img\/ecn3.jpg\">http:\/\/old.gsu.by\/depts\/img\/ecn3.jpg<\/a><\/p>\n<p>Fakultetda bilim almak \u00fc\u00e7in hemme \u015fertler we ussat meseleler d\u00f6redilen. Talyplar \u00fc\u00e7in bolsa h\u00e4zirki d\u00f6w\u00fcr tehniki enjamlary bilen hem-de t\u00e4ze programmalar bilen \u00fcpj\u00fcn edilen \u00fc\u00e7 sany komp\u00fduter otagy ullanylmaga berilen. Okuw materi\u00fdallary bilen talyplary tany\u015fdyrmak \u00fc\u00e7in multimedi\u00fda enjamlary ullanyl\u00fdar.<\/p>\n<p>Fakultet ykdysady\u00fdet bank we d\u00f6wlet dolandyry\u015f i\u015flerini\u0148 agzalary bilen i\u015fje\u0148 ozara aragatna\u015fyk sakla\u00fdar, bu bolsa talyplary\u0148 terjibe\u00e7ilik i\u015flerini\u0148 ge\u00e7megine we geljekde gowy-gowy wezipelere e\u00fde bolmaga \u00fdardam ber\u00fd\u00e4r.<\/p>\n<p>Fakultetda \u00f6z ugru\u0148 bo\u00fdun\u00e7a magistratura we asperanturany okamaga m\u00fcmkin\u00e7ilik beril\u00fd\u00e4r:<\/p>\n<p>&#8212; Ykdysady\u00fdet we halk hojalygy dolandyry\u015f<\/p>\n<p>&#8212; Finans hem-de nagt pul a\u00fdlanma we kredit<\/p>\n<p>&#8212; Buhgalter hasabaty we statistika<\/p>\n<p>&#8212; Ykdysady\u00fdet teori\u00fdasy<\/p>\n<p>&#8212; Matematiki we gurallar usuly ykdysady\u00fdet<\/p>\n<p>\u015eu g\u00fcn bolsa uniwersitetimiz k\u00f6p halkly talyp ma\u015fgala.<\/p>\n<p>Fakultetimizde 80-den gowrak da\u015fary-\u00fdurt talyplar oka\u00fdar, olar Russi\u00fdadan, Ukrainadan, Hyta\u00fddan, T\u00fcrkmenistandan, Banglade\u015f we be\u00fdleki d\u00f6wletlerden.<\/p>\n<p>Talyplary\u0148 ylym almagyna has uly \u00fcns beril\u00fd\u00e4r. Bizi\u0148 talyplarymyz birn\u00e4\u00e7e halkara b\u00e4sle\u015fikleri\u0148 \u00fde\u0148ijesi hem-de birn\u00e4\u00e7e laureata e\u00fdedirler we Belarus Respublikasyny\u0148 Prezident fondyndan hem uly ba\u00fdraga e\u00fdedir.<\/p>\n<p>Bizi\u0148 fakultetimizde 600-den gowrak talyp oka\u00fdar.<\/p>\n<p><strong>H\u00fcn\u00e4rler<\/strong><\/p>\n<p>1-25 01 03 D\u00fcn\u00fd\u00e4 ykdysady\u00fdet<\/p>\n<p>1-25 01 04 Finans we kredit<\/p>\n<p>1-25 01 07 Ykdysady\u00fdet we dolandyry\u015f<\/p>\n<p>1-25 01 08 Buhgalter hasabaty, analiz we audit<\/p>\n<p>1-25 01 08 01 Buhgalter hasabaty, analiz we bank audity<\/p>\n<p>1-25 01 08 02 Buhgalter hasabaty, analiz we b\u00fdud\u017eet guramalaryndaky audit<\/p>\n<p>1-25 01 08 03 Buhgalter hasabaty, analiz we komersi\u00fda we komersi\u00fda d\u00e4l guramalaryndaky audit<\/p>\n<p>1-25 01 10 Komersi\u00fda i\u015fi<\/p>\n<p>1-26&nbsp;&nbsp;&nbsp;&nbsp;&nbsp; 1 01 D\u00f6wlet dolandyry\u015f<\/p>\n<p><strong>K\u00e4r alma:<\/strong><\/p>\n<p>-D\u00fcn\u00fd\u00e4 ekonomika 1-25 01 03 Dolandyry\u015f da\u015fary ykdysady\u00fdet i\u015f<\/p>\n<p>Da\u015fary s\u00f6wda we komersi\u00fda i\u015fi<\/p>\n<p>&#8212; Finans we kredit 1-25 01 04 Finans. Bank i\u015fi<\/p>\n<p>&#8212; Ykdysady\u00fdet we dolandyry\u015f k\u00e4rhanasy 1-25 01 07 Ykdysady\u00fdet z\u00e4hmeti. Ykdysady\u00fdet we hojalyk i\u015fini\u0148 hukuk \u00fcpjin edilmegi.<\/p>\n<p>&#8212; Buhgalteri\u00fda hasabaty, analiz we audit (iberme bo\u00fdun\u00e7a) 1-25 01 08<\/p>\n<p>&#8212; Buhgalteri\u00fda hasabaty, analiz we audit banklarda 1-25 01 08 01<\/p>\n<p>&#8212; Buhgalteri\u00fda hasabaty, analiz we audit komersi\u00fda we komersi\u00fda d\u00e4l guramalarynda 1-25<\/p>\n<p>01 08 03 Buhgalteri\u00fda hasabaty, analiz we audit da\u015fary ykdysady\u00fdet i\u015fi<\/p>\n<p>-Komersi\u00fda i\u015fi 1-25 01 10 Komersi\u00fda i\u015fi da\u015fary ykdysady\u00fdet bazarynda<\/p>\n<p>&#8212; D\u00f6wlet dolandyry\u015f 1-26 01 01<\/p>\n<p><strong>Ylymy ibermeler <\/strong><\/p>\n<p>70-nji \u00fdyllarda fakultetda ylmy-pedagogiki ykdysady\u00fdet teori\u00fdasy we ykdysady\u00fdeti\u0148 ylmy metody hem-de ykdysady\u00fdeti\u0148 \u00f6wreni\u015fi\u0148 taryhyny jemle\u00fd\u00e4n mekdep a\u00e7yldy we \u00f6s\u00fd\u00e4r, bu mekdep professor Nau\u00e7itel M.W. tarapyndan a\u00e7yl\u00fdar.<\/p>\n<p>Professor Mihail Weniaminowi\u00e7 Nau\u00e7itel 1971-nji \u00fdylda Gomeli\u0148 d\u00f6wlet uniwersitetini\u0148 sy\u00fdasy ykdysady\u00fdet kafedrasyna \u00e7agyryl\u00fdar. Dekabr a\u00fdyny\u0148 1971-nji \u00fdylyndan 1990-nji \u00fdyllar aralygy ylymy i\u015fini\u0148 prorektory, sy\u00fdasy ykdysady\u00fdet kafedrasyny\u0148 we ykdysady\u00fdet teori\u00fdasyny\u0148 professory bolup i\u015fle\u00fd\u00e4r.<\/p>\n<p>Onu\u0148 \u00fdolba\u015f\u00e7ylygynda 27 kandidat we ylmy doktory ta\u00fd\u00fdarla\u00fdar.<\/p>\n<p>200-den gowrak ylmy i\u015fleri we 20 sany monografi\u00fdalar \u00e7ap edil\u00fd\u00e4r.<\/p>\n<p>\u201cYkdysady\u00fdet ylymyny \u00f6wreni\u015f\u201d kitabyny\u0148 redaktory biri h\u00f6k\u00fcm\u00fcnde 1986-njy \u00fdylda SSSR WDNH Diplomy bilen sylaglan\u00fdar.<\/p>\n<p>Esasy ylmy der\u0148emeleri\u0148 ibermeleri:<\/p>\n<p>\u0425\u0425 asyrlarda ykdysady\u00fdet teori\u00fdasyny\u0148 \u00fd\u00fcze \u00e7ykmagy (tejribe ylymyny\u0148 ewol\u00fdusi\u00fdasy, esasy ibermeler we mekdepler, olary\u0148 konsepsi\u00fdasy we doktrinasy).<\/p>\n<p>Jemgy\u00fdet\u00e7ilik ykdysady\u00fdet sistemalarynda transformasion proseslaryny\u0148 yzarla\u00fdy\u015fyny\u0148 konseptual \u00fdakynla\u015fmasy; institusional gurlu\u015fyny formerleme.<\/p>\n<p>H\u00e4zirki g\u00fcnde esasy da\u00fdanma okuw tematikasyndan da\u015fary ge\u00e7iril\u00fd\u00e4n ykdysady ge\u00e7i\u015f esasynda d\u00f6redilen ykdysady transformasi\u00fdasy bilen baglan\u015fykly, d\u00f6wrebapla\u015fdyrylan postindustrial modelleri\u0148 g\u00f6zlegini\u0148 has \u00f6smegidir.<\/p>\n<p>Fakulteti\u0148 her bir kafedrasy \u00f6z derslerinden da\u015fary ba\u015fga-da ylmy yzarlamalary ge\u00e7ir\u00fd\u00e4ler. Mundan da\u015fary yzarlamalary\u0148 sferasyna konseptual modellary\u0148 \u00f6smegine hem-de belli-belli meseleleri\u0148 \u00e7\u00f6z\u00fclmegine hem seredil\u00fd\u00e4r.<\/p>\n<p>Esasy ylmy gyzyklamalarda h\u00e4zirki wagtda: ykdysady\u00fdeti\u0148 t\u00e4zeliklerende halkara ykdysady\u00fdet bilen aragatna\u015fyk, ykdysady integrasi\u00fdasy we inwestisi\u00fdasy, teleke\u00e7iligi\u0148 \u00f6smegine has-da uly \u00fcns beril\u00fd\u00e4r.<\/p>\n","protected":false},"excerpt":{"rendered":"<p>Habarla\u015fmak \u00fc\u00e7in Adres:246019, Belarusi\u00fda Respublikasy, Gomel \u015f\u00e4heri, Sowedska\u00fda k\u00f6\u00e7esi 104, otag 3-24 Telefon:+375-232-51-01-23 E-mail:econfac@gsu.by Fakulteti\u0148 sa\u00fdty: http\/\/economic.gsu.by\/ Dekan Kostenko Andre\u00fd Konstantinowi\u00e7 Ykdysady\u00fdet ylymlaryny\u0148 kandidaty, dosent. Kafedralar Kafedra mali\u00fde we kredit Kafedra ykdysady\u00fdet teori\u00fdasy we d\u00fcn\u00fd\u00e4 ykdysady\u00fdeti Kaferda buhgalteri\u00fda hasabaty,barlag we analiz hojalyk\u00e7ylyk i\u015fi. Kafedra ykdysady\u00fdet we dolandyry\u015f Taryhy g\u00fcw\u00e4nama Fakulteti\u0148 taryhy 1969-njy \u00fdylda ba\u015flan\u00fdar, ha\u00e7anda &hellip; <\/p>\n<p class=\"link-more\"><a href=\"https:\/\/economics.gsu.by\/?page_id=28960\" class=\"more-link\">\u0427\u0438\u0442\u0430\u0442\u044c \u0434\u0430\u043b\u0435\u0435<span class=\"screen-reader-text\"> \u00abYkdysady\u00fdet fakultet\u00bb<\/span><\/a><\/p>\n","protected":false},"author":7,"featured_media":0,"parent":81,"menu_order":0,"comment_status":"closed","ping_status":"closed","template":"","meta":{"ngg_post_thumbnail":0},"_links":{"self":[{"href":"https:\/\/economics.gsu.by\/index.php?rest_route=\/wp\/v2\/pages\/28960"}],"collection":[{"href":"https:\/\/economics.gsu.by\/index.php?rest_route=\/wp\/v2\/pages"}],"about":[{"href":"https:\/\/economics.gsu.by\/index.php?rest_route=\/wp\/v2\/types\/page"}],"author":[{"embeddable":true,"href":"https:\/\/economics.gsu.by\/index.php?rest_route=\/wp\/v2\/users\/7"}],"replies":[{"embeddable":true,"href":"https:\/\/economics.gsu.by\/index.php?rest_route=%2Fwp%2Fv2%2Fcomments&post=28960"}],"version-history":[{"count":0,"href":"https:\/\/economics.gsu.by\/index.php?rest_route=\/wp\/v2\/pages\/28960\/revisions"}],"up":[{"embeddable":true,"href":"https:\/\/economics.gsu.by\/index.php?rest_route=\/wp\/v2\/pages\/81"}],"wp:attachment":[{"href":"https:\/\/economics.gsu.by\/index.php?rest_route=%2Fwp%2Fv2%2Fmedia&parent=28960"}],"curies":[{"name":"wp","href":"https:\/\/api.w.org\/{rel}","templated":true}]}}